
5, 43
Suppose 5*a + 283 = x + a, 0 = -x - a + 288. Suppose -r = -2*s - 2, 3*r - 6 = s + 4*s. Suppose x = 9*u - r*u. What are the prime factors of u?
41
Let y = -1780 - -5770. Suppose -10*w - 5*w = -y. List the prime factors of w.
2, 7, 19
Suppose 4177 = -42*x + 43*x + 5*h, 4*h = 8. What are the prime factors of x?
3, 463
Suppose -4 = j, 8*w - 4*j = 13*w - 71824. What are the prime factors of w?
2, 449
Suppose 0 = 3*a + 9, 0*b + 2*a - 3549 = -b. List the prime factors of b.
3, 5, 79
What are the prime factors of ((-30670)/(-4))/((-880)/(-352))?
3067
Let c = -102 + 147. Let o(a) = -a**2 - 20*a - 34. Let g be o(-18). Suppose -g*v + 93 = -c. List the prime factors of v.
3, 23
Suppose 56*q - 884940 = 6*q - 97*q. What are the prime factors of q?
2, 5, 7, 43
Let c(g) = 37*g**2 + 2*g**3 - 97 - 40*g**2 - 6*g + 8. What are the prime factors of c(9)?
2, 67
Let a(b) = -7*b**3 - 3*b**2 + 4. Let q(h) = h**2. Let s be q(5). Let t = s + -27. What are the prime factors of a(t)?
2, 3
Suppose 4*s + 18 = 42. Suppose 0 = 3*j - k - 28, 1 = -k + s. What are the prime factors of (-241)/(-5) + j/(-55)?
2, 3
Let d(a) = 114*a**2 - 11*a - 4. Let f be d(-6). Suppose 4*n = -o + 4170, -4*n - 3*o = -0*n - f. Suppose -3*l = 4*l - n. List the prime factors of l.
149
What are the prime factors of -1*3*(-4)/(-24) + (-386613)/(-18)?
2, 10739
Let q = 942 + -2612. Let t = q + 2497. List the prime factors of t.
827
Let d = 1276 + 3252. List the prime factors of d.
2, 283
Suppose 0*c = 4*g - 4*c - 29832, -8*c = 3*g - 22374. List the prime factors of g.
2, 3, 11, 113
Let p(w) = -12*w**3 - w**2 - 4*w - 2. Suppose -3*g + 4 + 5 = -3*h, 5*g + 21 = -4*h. Let m be p(g). Suppose 82 = -m*n + 758. What are the prime factors of n?
2, 13
Let d(c) = -104*c + 43. Let w(h) = -h**3 + 15*h**2 + 35*h - 8. Let f be w(17). Let p be d(f). List the prime factors of ((2/1)/(-2))/(19/p).
47
Suppose 12*g - 9*g = 0. Let q = 10 + -8. Suppose d + q*j - 40 - 42 = g, -2*d + 163 = 3*j. List the prime factors of d.
2, 5
Let v(o) = o**3 + 54*o**2 - 71*o + 90. List the prime factors of v(-34).
2, 3203
Let a = 165824 + -92917. What are the prime factors of a?
72907
Suppose 3*x + 2*i + 33 = -0, 4*i + 12 = 0. Let a(w) = w**2 + 10*w + 5. Let y be a(x). Let f = y - -9. List the prime factors of f.
5
What are the prime factors of 2/(-7) - 1/((-21)/146397)?
6971
Let z be (80/4)/(-5) - -7. Suppose -313 = -4*i + a + 4*a, 3*i + z*a - 255 = 0. Let b = 214 - i. What are the prime factors of b?
2, 3, 11
Suppose 5*v + 1245 = -3*g, -4*v - g = 1360 - 357. Let z = 970 + v. List the prime factors of z.
2, 359
List the prime factors of ((-2)/(-6))/(-7*10/(-325290)).
1549
Let v = 994 + -1004. Let k(l) = -53. Let i(s) = s + 53. Let m(h) = -4*i(h) - 5*k(h). List the prime factors of m(v).
3, 31
Let r be 1 - (-24)/(-8)*-1. Suppose -3*d + 2*d + 589 = -r*y, 0 = 5*d + 4*y - 2969. What are the prime factors of d?
593
Let s be (-4)/2*(-2 - -1). Let n(z) = z**3 + 77*z**2 - 78*z + 5. Let r be n(-78). Suppose -r = s*b - 165. List the prime factors of b.
2, 5
Suppose 0 = 829*d - 840*d + 138248. List the prime factors of d.
2, 1571
Let z be 1 + (-7)/(-49)*7. List the prime factors of (z/6)/(6/7956).
2, 13, 17
Suppose 0 = -3*a + 19*s - 17*s + 130831, -8*a - 4*s = -348808. What are the prime factors of a?
3, 5, 17, 19
Let r = 25417 + -11325. What are the prime factors of r?
2, 13, 271
Let a(q) = q**2 + 6*q + 239. Let b be a(0). Let y = -150 + b. What are the prime factors of y?
89
Let f(w) = -6*w**2 - 812*w - 247. List the prime factors of f(-127).
17, 359
Let z(m) = 6*m**2 + 15*m - 4. Let u be z(-3). Suppose 7*i = u*i + 1464. List the prime factors of i.
2, 3, 61
Let h(j) = -354*j + 1566. List the prime factors of h(-29).
2, 3, 17, 29
Suppose -42*k - 754977 = -1941309. List the prime factors of k.
2, 29, 487
Let h = 32478 + -11240. What are the prime factors of h?
2, 7, 37, 41
Let x = 250 + 79. Let i = -32 + x. List the prime factors of i.
3, 11
Let w = 1 - 1. Suppose 21*v + 0*v = 5*v + 48. Suppose w = v*n + 3*n - 918. What are the prime factors of n?
3, 17
Suppose 55 = 4*q + 11. Suppose -5*i = -4*m + 163, 88 = -2*i + 5*m + 16. List the prime factors of (2/q + 26/(-22))*i.
31
List the prime factors of 11442/8*(-2128)/(-228).
7, 1907
Let q be 4/22 - (-5 - (-48)/22). Suppose 4*t = s + 2, -s + 4*t + q = 5*t. What are the prime factors of s/(-6) - 562/3*-1?
11, 17
Let r be (-714)/(-12)*(1 - -1). Let u be (-6)/5 + 0 + 221/5. Let g = r + u. What are the prime factors of g?
2, 3
Let v(l) = 353*l + 40. Let y be v(6). Suppose 6*g = 3104 + y. What are the prime factors of g?
877
Suppose 5*x + 8086 = 3*n + 109496, -2*n - 10 = 0. List the prime factors of x.
7, 2897
Let g(a) = -a**2 - 13*a - 28. Let h be g(-10). Suppose h*s - d = 10, 7*s = 3*s + 5*d + 14. Let n(p) = p**2 + 24*p + 3. List the prime factors of n(s).
3, 61
Let p(y) = y + 3. Let x be p(3). Suppose 0 = -2*a + x - 230. Let n = a + 177. List the prime factors of n.
5, 13
Let x(w) be the second derivative of w**5/20 - 7*w**4/6 - 3*w**2/2 - 7*w. Let d be x(14). List the prime factors of (-17 - 9)/(d + 1).
13
Let s be ((-308)/231)/((-2)/(-6)). Let r(c) = 23*c**2 - 14*c - 34. What are the prime factors of r(s)?
2, 3, 5, 13
Let a(b) be the first derivative of -b**4 - b**3 + 3*b**2/2 + 5*b + 20. Let m be a(-3). Let v = -17 + m. What are the prime factors of v?
2, 3, 5
Let n(r) = -r**2 + r + 71. Suppose -6*p + 42 = -3*p. Let z = -14 + p. What are the prime factors of n(z)?
71
Let a = 239 + 60. List the prime factors of a.
13, 23
Let y(h) = -3*h - 72. Let n be y(-21). List the prime factors of (-172719)/(-243) - ((-2)/n)/(-1).
3, 79
Let v(a) = a**2 - 13*a - 4. Let c be v(13). Let z be (76/12 - 7)/(c/390). Suppose g = -g - d + z, 4*g = -4*d + 140. What are the prime factors of g?
2, 3, 5
Suppose 0 = -5*m - 2*x - 2, x - 3 = 4*x. Let c(o) = -3*o**2 + 159. What are the prime factors of c(m)?
3, 53
Suppose -y + 203 = -4*y - 5*f, 0 = -8*y + 3*f - 574. List the prime factors of (5/1 + y)/(2/(-3)).
3, 11
Suppose 31*w - 125700 - 192371 = 170272. What are the prime factors of w?
3, 59, 89
Suppose -437*a = -4862569 - 16344944 - 2804763. What are the prime factors of a?
2, 3, 19, 241
Suppose -2*k + 5*u + 9092 = 0, 5867 - 24061 = -4*k + 5*u. What are the prime factors of k?
3, 37, 41
Suppose 145620 = 50*o - 151680. List the prime factors of o.
2, 3, 991
Let n(t) = 2*t**2 + 2*t - 20. Let l be n(-5). Let x be l/12*(-6)/(-2). Suppose x*j - 440 = -4*f, 4*f + 3*j = -0*f + 440. What are the prime factors of f?
2, 5, 11
Let g(m) = 226*m**2 + 5*m - 5. Let d be g(1). Suppose -1004 = -5*k + d. What are the prime factors of k?
2, 3, 41
Let s = -46 + 85. Let t = s + 6. Suppose 0 = -g + 24 + t. What are the prime factors of g?
3, 23
Suppose -6*p - 20184 = -10*p. Suppose 13*s - 2845 - p = 0. What are the prime factors of s?
607
Suppose -2*o - 2*v + 4998 = -2654, 2*v = -12. What are the prime factors of o?
2, 479
Let l = 31182 - 3268. List the prime factors of l.
2, 17, 821
Let j(z) = -z**3 - 3*z**2 + 4*z. Let k be j(-3). Let d be 1 - 4 - k - (0 - 0). List the prime factors of d/24 - 7686/(-112).
3, 23
Suppose 0 = -13*q - 4*q + 42007. Suppose -4*r + q = -1013. What are the prime factors of r?
13, 67
Let k = 406 + -904. Let x = 361 - k. What are the prime factors of x?
859
Let b = 93 + 16968. List the prime factors of b.
3, 11, 47
Suppose -14*u - 34 = 22. Let l(j) = 68*j + 14. Let r(a) = 23*a + 5. Let p(c) = -4*l(c) + 11*r(c). List the prime factors of p(u).
3, 5
Let o(j) = -11*j**2 + 22*j + 18*j + 27 - 18*j. Let h(u) = -4*u**2 + 7*u + 9. Let x(p) = -17*h(p) + 6*o(p). What are the prime factors of x(-11)?
2, 3
Let t = -513 + 1054. Suppose -546*u + 3630 = -t*u. What are the prime factors of u?
2, 3, 11
Let x(a) = -2*a**3 + 16*a**2 + 4*a - 4. Let o be x(9). Let z = 104 - o. What are the prime factors of z?
2, 3, 13
Let r = -1490 + 3481. Let n = r + -1236. What are the prime factors of n?
5, 151
Let u(q) = 4129*q - 3682. What are the prime factors of u(5)?
16963
Suppose 0 = -2*z + 7*f - 10*f - 492, 0 = 4*z + f + 964. Let k = -196 - -40. Let j = k - z. List the prime factors of j.
2, 3, 7
Suppose -13*m = -6*m + 7. Let z be (19/76)/(m/(-28)). Suppose z - 43 = -4*a. List the prime factors of a.
3
Suppose -25*b + 477495 = -133280. List the